{"id":15,"date":"2014-08-12T10:59:36","date_gmt":"2014-08-12T09:59:36","guid":{"rendered":"https:\/\/labellardiere.fr\/?page_id=15"},"modified":"2017-12-19T19:13:41","modified_gmt":"2017-12-19T18:13:41","slug":"a-propos","status":"publish","type":"page","link":"https:\/\/labellardiere.fr\/?page_id=15","title":{"rendered":"\u00c0 propos"},"content":{"rendered":"<div class=\"art-postcontent clearfix\">\n<div class=\"eightcol last\">\n<div id=\"title_1\" class=\"  \" data-editable-type=\"title\">\n<div class=\"su-row\"><div class=\"su-column su-column-size-1-3\"><div class=\"su-column-inner su-u-clearfix su-u-trim\">\n<h3 style=\"text-align: center;\"><span style=\"color: #ffff99;\">\u00c0\u00a0propos<\/span><\/h3>\n<p><span style=\"font-family: Arial; font-size: small;\"><br \/>\n<span style=\"color: #ffffcc;\"><b>Avec un grand-p\u00e8re, sculpteur sur bois et photographe amateur, et un p\u00e8re lui aussi photographe amateur, j\u2019ai toujours c\u00f4toy\u00e9 les salles de bain ou placards \u00e9clair\u00e9s en rouge avec une odeur de r\u00e9v\u00e9lateur et de fixateur (les plus anciens comprendront).<\/b><\/span><\/span><\/p>\n<p><span style=\"font-family: Arial; font-size: small;\"><br \/>\n<span style=\"color: #ffffcc;\"><b>Vous comprendrez que j\u2019ai commenc\u00e9 en argentique.<\/b><\/span><\/span><\/p>\n<p><span style=\"font-family: Arial; font-size: small;\"><br \/>\n<span style=\"color: #ffffcc;\"><b>J\u2019ai continu\u00e9 cette lign\u00e9 et apr\u00e8s une longue carri\u00e8re dans l\u2019informatique, je suis revenu \u00e0 ma passion premi\u00e8re : la photographie.<\/b><\/span><\/span><\/p>\n<p><span style=\"font-family: Arial; font-size: small;\"><br \/>\n<span style=\"color: #ffffcc;\"><b>Aujourd\u2019hui, je travaille exclusivement en num\u00e9rique.<\/b><\/span><\/span><\/p>\n<p><span style=\"font-family: Arial; font-size: small;\"><br \/>\n<span style=\"color: #ffffcc;\"><b>La succession est d\u00e9j\u00e0 assur\u00e9e par mon fils Matthieu : <\/b><\/span><\/span><span style=\"color: #ffff99;\"><a href=\"http:\/\/MKphoto.fr\" target=\"_blank\" data-link-value=\"MKphoto.fr\" data-link-type=\"external\"><span style=\"color: #ffff99;\">son site<\/span><\/a><\/span><\/p>\n<\/div><\/div> <div class=\"su-column su-column-size-1-3\"><div class=\"su-column-inner su-u-clearfix su-u-trim\">\n<h3 style=\"text-align: center;\"><span style=\"color: #ffff99;\">Mat\u00e9riel utilis\u00e9<\/span><\/h3>\n<\/div>\n<div class=\"  \" data-editable-type=\"title\">\n<div class=\"fourcol\">\n<div id=\"text_2\" class=\"  \" data-editable-type=\"text\">\n<ul>\n<span style=\"font-family: Arial; font-size: small;\"><br \/>\n<span style=\"color: #99ccff;\"><b><\/p>\n<li>Nikon D800 (capteur FX) \u2013 36,2 Mpx<\/li>\n<li><em> Poign\u00e9e MB-D12<\/em><\/li>\n<p><br class=\"none\" \/><\/p>\n<li>Nikon D700 (capteur FX)- 12,1Mpx<\/li>\n<li><em>Poign\u00e9e MB-D10<\/em><\/li>\n<li><em> Objectif AF-S Nikkor 24-70mm f\/2,8 G ED<\/em><\/li>\n<li>Objectif AF-S VR Nikkor 70-200mm f\/2,8 G<\/li>\n<li><em>Objectif AF-S Micro Nikkor 105mm f\/2,8 G ED<\/em><\/li>\n<li>Objectif AF-S Nikkor 50mm f\/1,4 G<\/li>\n<li><em>T\u00e9l\u00e9convertisseur 2x Asph\u00e9rique AF-S TC-20EIII\u00a0<\/em><\/li>\n<li>Flash Nikon SB900<\/li>\n<li>Mat\u00e9riel de studio (lampes, Flash de studio, parapluies, fonds, tr\u00e9pieds)<\/li>\n<p><\/b><\/span><\/span>\n<\/ul>\n<\/div>\n<\/div>\n<\/div><\/div> <div class=\"su-column su-column-size-1-3\"><div class=\"su-column-inner su-u-clearfix su-u-trim\">\n<h3 style=\"text-align: center;\"><span style=\"color: #ffff99;\">Mes coordonn\u00e9es<\/span><\/h3>\n<p><a href=\"http:\/\/wordpress.labellardiere.fr\/?attachment_id=781\" rel=\"attachment wp-att-781\"><img loading=\"lazy\" decoding=\"async\" class=\"aligncenter  wp-image-781\" src=\"http:\/\/wordpress.labellardiere.fr\/wp-content\/uploads\/2014\/09\/Bernard.jpg\" alt=\"Bernard\" width=\"192\" height=\"190\" srcset=\"https:\/\/labellardiere.fr\/wp-content\/uploads\/2014\/09\/Bernard.jpg 1469w, https:\/\/labellardiere.fr\/wp-content\/uploads\/2014\/09\/Bernard-269x266.jpg 269w, https:\/\/labellardiere.fr\/wp-content\/uploads\/2014\/09\/Bernard-364x360.jpg 364w, https:\/\/labellardiere.fr\/wp-content\/uploads\/2014\/09\/Bernard-920x909.jpg 920w, https:\/\/labellardiere.fr\/wp-content\/uploads\/2014\/09\/Bernard-340x336.jpg 340w, https:\/\/labellardiere.fr\/wp-content\/uploads\/2014\/09\/Bernard-306x302.jpg 306w, https:\/\/labellardiere.fr\/wp-content\/uploads\/2014\/09\/Bernard-260x257.jpg 260w\" sizes=\"auto, (max-width: 192px) 100vw, 192px\" \/><\/a><\/p>\n<p>Bernard Kurlender<br \/>\n319 rue de l&rsquo;enclos<br \/>\nLa B\u00e2te<br \/>\n28260 Guainville<\/p>\n<div class=\"su-gmap su-u-responsive-media-yes\"><iframe loading=\"lazy\" width=\"600\" height=\"400\" src=\"\/\/maps.google.com\/maps?q=Guainville%2C%20France&amp;output=embed\" title=\"\"><\/iframe><\/div>\n<\/div><\/div><\/div>\n<\/div>\n<\/div>\n<\/div>\n","protected":false},"excerpt":{"rendered":"","protected":false},"author":1,"featured_media":0,"parent":0,"menu_order":0,"comment_status":"open","ping_status":"open","template":"","meta":{"footnotes":""},"class_list":["post-15","page","type-page","status-publish","hentry"],"_links":{"self":[{"href":"https:\/\/labellardiere.fr\/index.php?rest_route=\/wp\/v2\/pages\/15","targetHints":{"allow":["GET"]}}],"collection":[{"href":"https:\/\/labellardiere.fr\/index.php?rest_route=\/wp\/v2\/pages"}],"about":[{"href":"https:\/\/labellardiere.fr\/index.php?rest_route=\/wp\/v2\/types\/page"}],"author":[{"embeddable":true,"href":"https:\/\/labellardiere.fr\/index.php?rest_route=\/wp\/v2\/users\/1"}],"replies":[{"embeddable":true,"href":"https:\/\/labellardiere.fr\/index.php?rest_route=%2Fwp%2Fv2%2Fcomments&post=15"}],"version-history":[{"count":61,"href":"https:\/\/labellardiere.fr\/index.php?rest_route=\/wp\/v2\/pages\/15\/revisions"}],"predecessor-version":[{"id":1490,"href":"https:\/\/labellardiere.fr\/index.php?rest_route=\/wp\/v2\/pages\/15\/revisions\/1490"}],"wp:attachment":[{"href":"https:\/\/labellardiere.fr\/index.php?rest_route=%2Fwp%2Fv2%2Fmedia&parent=15"}],"curies":[{"name":"wp","href":"https:\/\/api.w.org\/{rel}","templated":true}]}}

À propos

<div class="art-postcontent clearfix">
<div class="eightcol last">
<div id="title_1" class="  " data-editable-type="title">
<div class="su-row"><div class="su-column su-column-size-1-3"><div class="su-column-inner su-u-clearfix su-u-trim">
<h3 style="text-align: center;"><span style="color: #ffff99;">À propos</span></h3>
<p><span style="font-family: Arial; font-size: small;"><br />
<span style="color: #ffffcc;"><b>Avec un grand-père, sculpteur sur bois et photographe amateur, et un père lui aussi photographe amateur, j’ai toujours côtoyé les salles de bain ou placards éclairés en rouge avec une odeur de révélateur et de fixateur (les plus anciens comprendront).</b></span></span></p>
<p><span style="font-family: Arial; font-size: small;"><br />
<span style="color: #ffffcc;"><b>Vous comprendrez que j’ai commencé en argentique.</b></span></span></p>
<p><span style="font-family: Arial; font-size: small;"><br />
<span style="color: #ffffcc;"><b>J’ai continué cette ligné et après une longue carrière dans l’informatique, je suis revenu à ma passion première : la photographie.</b></span></span></p>
<p><span style="font-family: Arial; font-size: small;"><br />
<span style="color: #ffffcc;"><b>Aujourd’hui, je travaille exclusivement en numérique.</b></span></span></p>
<p><span style="font-family: Arial; font-size: small;"><br />
<span style="color: #ffffcc;"><b>La succession est déjà assurée par mon fils Matthieu : </b></span></span><span style="color: #ffff99;"><a href="http://MKphoto.fr" target="_blank" data-link-value="MKphoto.fr" data-link-type="external"><span style="color: #ffff99;">son site</span></a></span></p>
</div></div> <div class="su-column su-column-size-1-3"><div class="su-column-inner su-u-clearfix su-u-trim">
<h3 style="text-align: center;"><span style="color: #ffff99;">Matériel utilisé</span></h3>
</div>
<div class="  " data-editable-type="title">
<div class="fourcol">
<div id="text_2" class="  " data-editable-type="text">
<ul>
<span style="font-family: Arial; font-size: small;"><br />
<span style="color: #99ccff;"><b></p>
<li>Nikon D800 (capteur FX) – 36,2 Mpx</li>
<li><em> Poignée MB-D12</em></li>
<p><br class="none" /></p>
<li>Nikon D700 (capteur FX)- 12,1Mpx</li>
<li><em>Poignée MB-D10</em></li>
<li><em> Objectif AF-S Nikkor 24-70mm f/2,8 G ED</em></li>
<li>Objectif AF-S VR Nikkor 70-200mm f/2,8 G</li>
<li><em>Objectif AF-S Micro Nikkor 105mm f/2,8 G ED</em></li>
<li>Objectif AF-S Nikkor 50mm f/1,4 G</li>
<li><em>Téléconvertisseur 2x Asphérique AF-S TC-20EIII </em></li>
<li>Flash Nikon SB900</li>
<li>Matériel de studio (lampes, Flash de studio, parapluies, fonds, trépieds)</li>
<p></b></span></span>
</ul>
</div>
</div>
</div></div> <div class="su-column su-column-size-1-3"><div class="su-column-inner su-u-clearfix su-u-trim">
<h3 style="text-align: center;"><span style="color: #ffff99;">Mes coordonnées</span></h3>
<p><a href="http://wordpress.labellardiere.fr/?attachment_id=781" rel="attachment wp-att-781"><img loading="lazy" decoding="async" class="aligncenter  wp-image-781" src="http://wordpress.labellardiere.fr/wp-content/uploads/2014/09/Bernard.jpg" alt="Bernard" width="192" height="190" srcset="https://labellardiere.fr/wp-content/uploads/2014/09/Bernard.jpg 1469w, https://labellardiere.fr/wp-content/uploads/2014/09/Bernard-269x266.jpg 269w, https://labellardiere.fr/wp-content/uploads/2014/09/Bernard-364x360.jpg 364w, https://labellardiere.fr/wp-content/uploads/2014/09/Bernard-920x909.jpg 920w, https://labellardiere.fr/wp-content/uploads/2014/09/Bernard-340x336.jpg 340w, https://labellardiere.fr/wp-content/uploads/2014/09/Bernard-306x302.jpg 306w, https://labellardiere.fr/wp-content/uploads/2014/09/Bernard-260x257.jpg 260w" sizes="auto, (max-width: 192px) 100vw, 192px" /></a></p>
<p>Bernard Kurlender<br />
319 rue de l&rsquo;enclos<br />
La Bâte<br />
28260 Guainville</p>
<div class="su-gmap su-u-responsive-media-yes"><iframe loading="lazy" width="600" height="400" src="//maps.google.com/maps?q=Guainville%2C%20France&amp;output=embed" title=""></iframe></div>
</div></div></div>
</div>
</div>
</div>
