{"id":381,"date":"2014-08-25T09:13:42","date_gmt":"2014-08-25T08:13:42","guid":{"rendered":"https:\/\/labellardiere.fr\/?page_id=381"},"modified":"2014-11-18T18:33:24","modified_gmt":"2014-11-18T17:33:24","slug":"contrat-type","status":"publish","type":"page","link":"https:\/\/labellardiere.fr\/?page_id=381","title":{"rendered":"Contrat type"},"content":{"rendered":"<h2>Autorisation de photographier une personne majeure et autorisation d\u2019utilisation des photographies<\/h2>\n<p>\u2022 ENTRE :<br \/>\nMme Mlle &#8230;&#8230;&#8230;&#8230;&#8230;&#8230;&#8230;&#8230;&#8230;&#8230;&#8230;&#8230;&#8230;&#8230;&#8230;&#8230;&#8230;&#8230;&#8230;&#8230;&#8230;&#8230;\u00a0\u00a0\u00a0\u00a0\u00a0\u00a0\u00a0\u00a0 N\u00e9(e) le ..\/..\/&#8230;. \u00a0 \u00a0 \u00a0 \u00e0 &#8230;&#8230;&#8230;&#8230;&#8230;&#8230;&#8230;&#8230;&#8230;&#8230;&#8230;&#8230;<br \/>\nDemeurant : &#8230;&#8230;&#8230;&#8230;&#8230;&#8230;&#8230;&#8230;&#8230;&#8230;&#8230;&#8230;&#8230;&#8230;&#8230;&#8230;&#8230;&#8230;&#8230;&#8230;&#8230;&#8230;&#8230;&#8230;&#8230;&#8230;&#8230;&#8230;&#8230;&#8230;&#8230;&#8230;&#8230;&#8230;&#8230;&#8230;&#8230;&#8230;&#8230;&#8230;&#8230;&#8230;&#8230;&#8230;.<br \/>\nD\u00e9nomm\u00e9(e) ci-apr\u00e8s \u00ab LE MODELE \u00bb.<\/p>\n<p>\u2022 ET :<br \/>\nMonsieur &#8230;&#8230;&#8230;&#8230;&#8230;&#8230;&#8230;&#8230;&#8230;&#8230;&#8230;&#8230;&#8230;&#8230;&#8230;&#8230;&#8230;&#8230;&#8230;&#8230;&#8230;&#8230;.\u00a0\u00a0\u00a0\u00a0\u00a0\u00a0\u00a0 N\u00e9(e) le\u00a0 ..\/..\/&#8230;.\u00a0\u00a0\u00a0\u00a0\u00a0\u00a0 \u00e0 &#8230;&#8230;&#8230;&#8230;&#8230;&#8230;&#8230;&#8230;&#8230;&#8230;&#8230;&#8230;.<br \/>\nDemeurant : &#8230;&#8230;&#8230;&#8230;&#8230;&#8230;&#8230;&#8230;&#8230;&#8230;&#8230;&#8230;&#8230;&#8230;&#8230;&#8230;&#8230;&#8230;&#8230;&#8230;&#8230;&#8230;&#8230;&#8230;&#8230;&#8230;&#8230;&#8230;&#8230;&#8230;&#8230;&#8230;&#8230;&#8230;&#8230;&#8230;&#8230;&#8230;&#8230;&#8230;&#8230;&#8230;&#8230;&#8230;..<br \/>\nD\u00e9nomm\u00e9(e) ci-apr\u00e8s \u00ab LE PHOTOGRAPHE \u00bb.<\/p>\n<p>1. CESSION DES DROITS<\/p>\n<p>Par ce contrat, LE MODELE autorise le PHOTOGRAPHE \u00e0 reproduire ou pr\u00e9senter la ou les photographies r\u00e9alis\u00e9es \u00e0\u00a0\u00a0 &#8230;&#8230;&#8230;&#8230;&#8230;&#8230;&#8230;&#8230; \u00a0\u00a0 le ..\/..\/&#8230;.\u00a0 prises par le PHOTOGRAPHE et repr\u00e9sentant le MODELE<\/p>\n<p>Pour les usages suivants :<\/p>\n<p>&#8211; Publication dans une revue, ouvrage ou journal d\u00e9nomm\u00e9 : Oui \u2022 Non<br \/>\n&#8211; Publication pour une publicit\u00e9 : Oui \u2022 Non<br \/>\n&#8211; Pr\u00e9sentation en public lors d\u2019une exposition : Oui \u2022 Non<br \/>\n&#8211; Pr\u00e9sentation sur un site Internet d\u00e9sign\u00e9 : Oui\u00a0 Non\u2022 : adresse du site : http:\/\/www&#8230;&#8230;&#8230;&#8230;&#8230;&#8230;&#8230;&#8230;&#8230;.<br \/>\n&#8211; Autre (\u00e0 pr\u00e9ciser) : Autre book photo + concours photo \u00e9ventuel.<\/p>\n<p>Le PHOTOGRAPHE s\u2019interdit d\u2019utiliser ces photographies dans des domaines susceptibles de porter atteinte \u00e0 la vie priv\u00e9e du MODELE et de diffuser ces photographies sur tout support \u00e0 caract\u00e8re violent, x\u00e9nophobe, pornographique ou illicite.<br \/>\nLes l\u00e9gendes accompagnant la reproduction ou la repr\u00e9sentation de la ou des photographies ne devront pas porter atteinte \u00e0 la r\u00e9putation ou \u00e0 la vie priv\u00e9e du MODELE.<br \/>\nLE MODELE reconna\u00eet qu\u2019il (elle) n\u2019est pas li\u00e9 \u00e0 un quelconque contrat d\u2019exclusivit\u00e9 sur l\u2019utilisation de son image ou de son nom.<br \/>\nLE MODELE s\u2019engage \u00e0 faire mention du nom du PHOTOGRAPHE (ou du site internet http:\/\/www&#8230;&#8230;&#8230;&#8230;&#8230;&#8230;&#8230;&#8230;&#8230;&#8230;&#8230;&#8230;&#8230;) dans toute publication de ses photos.<br \/>\nLE MODELE s\u2019engage \u00e0 ne pas publier de photos brutes ni de modifier les photos retouch\u00e9es remises par le PHOTOGRAPHE (couleur, cadrage, etc..) sans l&rsquo;accord pr\u00e9alable du PHOTOGRAPHE.<\/p>\n<p>2. CLAUSES PARTICULIERES<\/p>\n<p>Indiquer ici les clauses particuli\u00e8res applicables \u00e0 ce contrat : \u2026\u2026\u2026\u2026\u2026\u2026\u2026\u2026\u2026\u2026\u2026\u2026\u2026\u2026\u2026\u2026\u2026\u2026\u2026\u2026\u2026..\u2026\u2026\u2026\u2026\u2026\u2026\u2026\u2026\u2026\u2026\u2026\u2026\u2026\u2026\u2026\u2026\u2026\u2026\u2026\u2026\u2026\u2026\u2026<\/p>\n<p>3. DUREE DU CONTRAT, REMUNERATION ***<\/p>\n<p>Le pr\u00e9sent contrat est \u00e9tabli :<br \/>\nPour une dur\u00e9e de 10 ans \u00e0 compter de la date de signature de ce contrat et reconduit par tacite reconduction pour des p\u00e9riodes de 3 ans.<br \/>\nPour une p\u00e9riode du \u2026.. \/ \u2026.. \/ \u2026\u2026.. au \u2026.. \/ \u2026.. \/ \u2026\u2026..<br \/>\nLE MODELE confirme que la r\u00e9mun\u00e9ration forfaitaire de ses prestations est fix\u00e9e \u00e0 0.00 Euros.<br \/>\nCette r\u00e9mun\u00e9ration est d\u00e9finitive et LE MODELE exclut donc toute demande ult\u00e9rieure de r\u00e9mun\u00e9ration compl\u00e9mentaire.<br \/>\n*** Cet article doit \u00eatre absolument renseign\u00e9 m\u00eame s\u2019il s\u2019agit d\u2019une prestation \u00e0 titre gracieux.<\/p>\n<p>Fait \u00e0 :\u00a0 &#8230;&#8230;&#8230;&#8230;&#8230;&#8230;&#8230;&#8230;&#8230;&#8230;&#8230;&#8230;&#8230;&#8230;.\u00a0\u00a0\u00a0\u00a0\u00a0\u00a0\u00a0\u00a0\u00a0\u00a0 le : ..\/..\/&#8230;.<\/p>\n<p>LE MODELE LE PHOTOGRAPHE<\/p>\n<p>&nbsp;<\/p>\n<p>&nbsp;<\/p>\n<p>T\u00e9l\u00e9charger les divers types de contrat <a title=\"Mod\u00e8les de contrats\" href=\"http:\/\/wordpress.labellardiere.fr\/?page_id=531\"><span style=\"color: #ffff00;\">ici<\/span><\/a><\/p>\n","protected":false},"excerpt":{"rendered":"<p>Autorisation de photographier une personne majeure et autorisation d\u2019utilisation des photographies \u2022 ENTRE : Mme Mlle &#8230;&#8230;&#8230;&#8230;&#8230;&#8230;&#8230;&#8230;&#8230;&#8230;&#8230;&#8230;&#8230;&#8230;&#8230;&#8230;&#8230;&#8230;&#8230;&#8230;&#8230;&#8230;\u00a0\u00a0\u00a0\u00a0\u00a0\u00a0\u00a0\u00a0 N\u00e9(e) le ..\/..\/&#8230;. \u00a0 \u00a0 \u00a0 \u00e0 &#8230;&#8230;&#8230;&#8230;&#8230;&#8230;&#8230;&#8230;&#8230;&#8230;&#8230;&#8230; Demeurant : &#8230;&#8230;&#8230;&#8230;&#8230;&#8230;&#8230;&#8230;&#8230;&#8230;&#8230;&#8230;&#8230;&#8230;&#8230;&#8230;&#8230;&#8230;&#8230;&#8230;&#8230;&#8230;&#8230;&#8230;&#8230;&#8230;&#8230;&#8230;&#8230;&#8230;&#8230;&#8230;&#8230;&#8230;&#8230;&#8230;&#8230;&#8230;&#8230;&#8230;&#8230;&#8230;&#8230;&#8230;. D\u00e9nomm\u00e9(e) ci-apr\u00e8s \u00ab LE MODELE \u00bb. \u2022 ET : Monsieur &#8230;&#8230;&#8230;&#8230;&#8230;&#8230;&#8230;&#8230;&#8230;&#8230;&#8230;&#8230;&#8230;&#8230;&#8230;&#8230;&#8230;&#8230;&#8230;&#8230;&#8230;&#8230;.\u00a0\u00a0\u00a0\u00a0\u00a0\u00a0\u00a0 N\u00e9(e) le\u00a0 ..\/..\/&#8230;.\u00a0\u00a0\u00a0\u00a0\u00a0\u00a0 \u00e0 &#8230;&#8230;&#8230;&#8230;&#8230;&#8230;&#8230;&#8230;&#8230;&#8230;&#8230;&#8230;. Demeurant : &#8230;&#8230;&#8230;&#8230;&#8230;&#8230;&#8230;&#8230;&#8230;&#8230;&#8230;&#8230;&#8230;&#8230;&#8230;&#8230;&#8230;&#8230;&#8230;&#8230;&#8230;&#8230;&#8230;&#8230;&#8230;&#8230;&#8230;&#8230;&#8230;&#8230;&#8230;&#8230;&#8230;&#8230;&#8230;&#8230;&#8230;&#8230;&#8230;&#8230;&#8230;&#8230;&#8230;&#8230;.. D\u00e9nomm\u00e9(e) ci-apr\u00e8s \u00ab LE PHOTOGRAPHE \u00bb. 1. CESSION [&hellip;]<\/p>\n","protected":false},"author":1,"featured_media":0,"parent":0,"menu_order":0,"comment_status":"open","ping_status":"open","template":"","meta":{"footnotes":""},"class_list":["post-381","page","type-page","status-publish","hentry"],"_links":{"self":[{"href":"https:\/\/labellardiere.fr\/index.php?rest_route=\/wp\/v2\/pages\/381","targetHints":{"allow":["GET"]}}],"collection":[{"href":"https:\/\/labellardiere.fr\/index.php?rest_route=\/wp\/v2\/pages"}],"about":[{"href":"https:\/\/labellardiere.fr\/index.php?rest_route=\/wp\/v2\/types\/page"}],"author":[{"embeddable":true,"href":"https:\/\/labellardiere.fr\/index.php?rest_route=\/wp\/v2\/users\/1"}],"replies":[{"embeddable":true,"href":"https:\/\/labellardiere.fr\/index.php?rest_route=%2Fwp%2Fv2%2Fcomments&post=381"}],"version-history":[{"count":10,"href":"https:\/\/labellardiere.fr\/index.php?rest_route=\/wp\/v2\/pages\/381\/revisions"}],"predecessor-version":[{"id":892,"href":"https:\/\/labellardiere.fr\/index.php?rest_route=\/wp\/v2\/pages\/381\/revisions\/892"}],"wp:attachment":[{"href":"https:\/\/labellardiere.fr\/index.php?rest_route=%2Fwp%2Fv2%2Fmedia&parent=381"}],"curies":[{"name":"wp","href":"https:\/\/api.w.org\/{rel}","templated":true}]}}