{"id":41,"date":"2014-08-12T12:34:49","date_gmt":"2014-08-12T11:34:49","guid":{"rendered":"https:\/\/labellardiere.fr\/?page_id=41"},"modified":"2014-09-05T08:19:10","modified_gmt":"2014-09-05T07:19:10","slug":"conditions","status":"publish","type":"page","link":"https:\/\/labellardiere.fr\/?page_id=41","title":{"rendered":"Conditions"},"content":{"rendered":"<div><div class=\"su-row\">\n<div class=\"su-column su-column-size-1-2\"><div class=\"su-column-inner su-u-clearfix su-u-trim\">\n<\/p>\n<h5><span style=\"color: #ffff99;\">Conditions<\/span><\/h5>\n<p>\n<span style=\"font-family: Arial; font-size: small;\"><br \/>\n<span style=\"color: #ffffcc;\"><b>Je vous propose un premier Rendez-vous afin de convenir de ce que chacun souhaite.<\/b><\/span><br \/>\n<span style=\"color: #99ccff;\"><i>(Si ce n&rsquo;est pas possible, ce n&rsquo;est pas grave et peut se r\u00e9soudre par t\u00e9l\u00e9phone ou e-mail).<\/i><\/span><br \/>\n<span style=\"font-family: Arial; font-size: small;\"><br \/>\n<span style=\"color: #ffffcc;\"><b>J&rsquo;accepte que le mod\u00e8le soit accompagn\u00e9 aussi bien lors de la premi\u00e8re entrevue que pendant la s\u00e9ance photo.<\/b><\/span><br \/>\n<span style=\"color: #99ccff;\"><i>(mais ce n&rsquo;est pas obligatoire. Par contre, pendant la s\u00e9ance photo, la personne accompagnant devra se faire discr\u00e8te).<\/i><\/span><br \/>\n<span style=\"font-family: Arial; font-size: small;\"><br \/>\n<span style=\"color: #ffffcc;\"><b>Si vous avez un impr\u00e9vu au dernier moment, merci de pr\u00e9venir (t\u00e9l\u00e9phone, SMS, mail, etc..).<\/b><\/span><br \/>\n<span style=\"color: #99ccff;\"><i>(tout peut arriver et surtout l&rsquo;impr\u00e9vu. Mais c&rsquo;est sympa de pr\u00e9venir. Il n&rsquo;est pas n\u00e9cessaire de se justifier).<\/i><\/span><br \/>\n<span style=\"font-family: Arial; font-size: small;\"><br \/>\n<span style=\"color: #ffffcc;\"><b>Avant chaque s\u00e9ance, un contrat d&rsquo;utilisation des photos sera rempli et sign\u00e9 par les deux parties.<\/b><\/span><br \/>\n<span style=\"color: #99ccff;\"><i>(C&rsquo;est bien plus simple ainsi et ne r\u00e9serve aucune surprise ensuite).<\/i><\/span><br \/>\n<span style=\"font-family: Arial; font-size: small;\"><br \/>\n<span style=\"color: #ffffcc;\"><b>Un DVD contenant la totalit\u00e9 des prises de vues en haute r\u00e9solution (JPG,36Mpx), un tirage A4 sur papier photo d&rsquo;une photo choisie d&rsquo;un commun accord, la retouche, si besoin, d&rsquo;un choix de photos pourra \u00eatre possible.<\/b><\/span><br \/>\n<span style=\"color: #99ccff;\"><i>(D&rsquo;autres formats pourront \u00eatre fournis sur demande : RAW, TIFF, etc.. A convenir avant la s\u00e9ance)<\/i>.<\/span><br \/>\n<span style=\"font-family: Arial; font-size: small;\"><br \/>\n<span style=\"color: #ffffcc;\"><b>Aucune r\u00e9mun\u00e9ration n&rsquo;est pr\u00e9vue.<\/b><\/span><br \/>\n<span style=\"color: #99ccff;\"><i>(Je n&rsquo;en ai pas les moyens et de plus c&rsquo;est interdit par la loi).<\/i><\/span><br \/>\n<\/span><br \/>\n<\/div><\/div><\/span><\/span><\/span><\/span><\/span><\/p>\n<div class=\"su-column su-column-size-1-2\"><div class=\"su-column-inner su-u-clearfix su-u-trim\">\n<h5><span style=\"color: #ffff99;\">Quelques conseils avant de venir pour un shooting<\/span><\/h5>\n<\/div>\n<div><span style=\"color: #ffffcc; font-family: Arial; font-size: small;\"><br \/>\n<b>Que ce soit pour une s\u00e9ance en studio ou en ext\u00e9rieur, il faut pr\u00e9voir plusieurs changements de tenues (\u00e0 apporter, j&rsquo;en ai aussi \u00e0 disposition).<\/b><\/span><span style=\"font-family: Arial; font-size: small;\"><br \/>\n<span style=\"color: #99ccff;\"><i>(<\/i><\/span><\/span><span style=\"color: #99ccff; font-family: Arial; font-size: small;\"><i>Eviter si possible les tenues noires ou sombres qui ne rendent pas bien en photo<\/i><\/span><span style=\"font-family: Arial; font-size: small;\"><span style=\"color: #99ccff;\"><i>).<\/i><\/span><br \/>\n<\/span><br \/>\n<span style=\"color: #ffffcc; font-family: Arial; font-size: small;\"><b>Ne pas oublier de prendre des chaussures \u00e0 talons hauts, des Dim-up ou collants sans d\u00e9marcation, une paire de chaussures confortable pour marcher en foret si besoin, et des accessoires (colliers, foulards, etc..).<\/b><\/span><span style=\"font-family: Arial; font-size: small;\"><br \/>\n<span style=\"color: #99ccff;\"><i>(Ne pas oublier non plus d&rsquo;apporter son maquillage).<\/i><\/span><br \/>\n<\/span><br \/>\n<span style=\"color: #ffffcc; font-family: Arial; font-size: small;\"><b>Ne pas oublier de venir avec des v\u00eatements amples (y compris la lingerie\u00a0: pas de soutien gorge par exemple) afin que la peau ne soit pas marqu\u00e9e.<\/b><\/span><span style=\"font-family: Arial; font-size: small;\"><br \/>\n<span style=\"color: #99ccff;\"><i>(et surtout bien se reposer avant de venir : ne pas faire la f\u00eate la veille du shooting par exemple).<\/i><\/span><\/span><\/div><\/div>\n<\/div>\n<\/div>\n","protected":false},"excerpt":{"rendered":"","protected":false},"author":1,"featured_media":0,"parent":15,"menu_order":0,"comment_status":"open","ping_status":"open","template":"","meta":{"footnotes":""},"class_list":["post-41","page","type-page","status-publish","hentry"],"_links":{"self":[{"href":"https:\/\/labellardiere.fr\/index.php?rest_route=\/wp\/v2\/pages\/41","targetHints":{"allow":["GET"]}}],"collection":[{"href":"https:\/\/labellardiere.fr\/index.php?rest_route=\/wp\/v2\/pages"}],"about":[{"href":"https:\/\/labellardiere.fr\/index.php?rest_route=\/wp\/v2\/types\/page"}],"author":[{"embeddable":true,"href":"https:\/\/labellardiere.fr\/index.php?rest_route=\/wp\/v2\/users\/1"}],"replies":[{"embeddable":true,"href":"https:\/\/labellardiere.fr\/index.php?rest_route=%2Fwp%2Fv2%2Fcomments&post=41"}],"version-history":[{"count":59,"href":"https:\/\/labellardiere.fr\/index.php?rest_route=\/wp\/v2\/pages\/41\/revisions"}],"predecessor-version":[{"id":822,"href":"https:\/\/labellardiere.fr\/index.php?rest_route=\/wp\/v2\/pages\/41\/revisions\/822"}],"up":[{"embeddable":true,"href":"https:\/\/labellardiere.fr\/index.php?rest_route=\/wp\/v2\/pages\/15"}],"wp:attachment":[{"href":"https:\/\/labellardiere.fr\/index.php?rest_route=%2Fwp%2Fv2%2Fmedia&parent=41"}],"curies":[{"name":"wp","href":"https:\/\/api.w.org\/{rel}","templated":true}]}}

<div><div class="su-row">
<div class="su-column su-column-size-1-2"><div class="su-column-inner su-u-clearfix su-u-trim">
</p>
<h5><span style="color: #ffff99;">Conditions</span></h5>
<p>
<span style="font-family: Arial; font-size: small;"><br />
<span style="color: #ffffcc;"><b>Je vous propose un premier Rendez-vous afin de convenir de ce que chacun souhaite.</b></span><br />
<span style="color: #99ccff;"><i>(Si ce n&rsquo;est pas possible, ce n&rsquo;est pas grave et peut se résoudre par téléphone ou e-mail).</i></span><br />
<span style="font-family: Arial; font-size: small;"><br />
<span style="color: #ffffcc;"><b>J&rsquo;accepte que le modèle soit accompagné aussi bien lors de la première entrevue que pendant la séance photo.</b></span><br />
<span style="color: #99ccff;"><i>(mais ce n&rsquo;est pas obligatoire. Par contre, pendant la séance photo, la personne accompagnant devra se faire discrète).</i></span><br />
<span style="font-family: Arial; font-size: small;"><br />
<span style="color: #ffffcc;"><b>Si vous avez un imprévu au dernier moment, merci de prévenir (téléphone, SMS, mail, etc..).</b></span><br />
<span style="color: #99ccff;"><i>(tout peut arriver et surtout l&rsquo;imprévu. Mais c&rsquo;est sympa de prévenir. Il n&rsquo;est pas nécessaire de se justifier).</i></span><br />
<span style="font-family: Arial; font-size: small;"><br />
<span style="color: #ffffcc;"><b>Avant chaque séance, un contrat d&rsquo;utilisation des photos sera rempli et signé par les deux parties.</b></span><br />
<span style="color: #99ccff;"><i>(C&rsquo;est bien plus simple ainsi et ne réserve aucune surprise ensuite).</i></span><br />
<span style="font-family: Arial; font-size: small;"><br />
<span style="color: #ffffcc;"><b>Un DVD contenant la totalité des prises de vues en haute résolution (JPG,36Mpx), un tirage A4 sur papier photo d&rsquo;une photo choisie d&rsquo;un commun accord, la retouche, si besoin, d&rsquo;un choix de photos pourra être possible.</b></span><br />
<span style="color: #99ccff;"><i>(D&rsquo;autres formats pourront être fournis sur demande : RAW, TIFF, etc.. A convenir avant la séance)</i>.</span><br />
<span style="font-family: Arial; font-size: small;"><br />
<span style="color: #ffffcc;"><b>Aucune rémunération n&rsquo;est prévue.</b></span><br />
<span style="color: #99ccff;"><i>(Je n&rsquo;en ai pas les moyens et de plus c&rsquo;est interdit par la loi).</i></span><br />
</span><br />
</div></div></span></span></span></span></span></p>
<div class="su-column su-column-size-1-2"><div class="su-column-inner su-u-clearfix su-u-trim">
<h5><span style="color: #ffff99;">Quelques conseils avant de venir pour un shooting</span></h5>
</div>
<div><span style="color: #ffffcc; font-family: Arial; font-size: small;"><br />
<b>Que ce soit pour une séance en studio ou en extérieur, il faut prévoir plusieurs changements de tenues (à apporter, j&rsquo;en ai aussi à disposition).</b></span><span style="font-family: Arial; font-size: small;"><br />
<span style="color: #99ccff;"><i>(</i></span></span><span style="color: #99ccff; font-family: Arial; font-size: small;"><i>Eviter si possible les tenues noires ou sombres qui ne rendent pas bien en photo</i></span><span style="font-family: Arial; font-size: small;"><span style="color: #99ccff;"><i>).</i></span><br />
</span><br />
<span style="color: #ffffcc; font-family: Arial; font-size: small;"><b>Ne pas oublier de prendre des chaussures à talons hauts, des Dim-up ou collants sans démarcation, une paire de chaussures confortable pour marcher en foret si besoin, et des accessoires (colliers, foulards, etc..).</b></span><span style="font-family: Arial; font-size: small;"><br />
<span style="color: #99ccff;"><i>(Ne pas oublier non plus d&rsquo;apporter son maquillage).</i></span><br />
</span><br />
<span style="color: #ffffcc; font-family: Arial; font-size: small;"><b>Ne pas oublier de venir avec des vêtements amples (y compris la lingerie : pas de soutien gorge par exemple) afin que la peau ne soit pas marquée.</b></span><span style="font-family: Arial; font-size: small;"><br />
<span style="color: #99ccff;"><i>(et surtout bien se reposer avant de venir : ne pas faire la fête la veille du shooting par exemple).</i></span></span></div></div>
</div>
</div>
